tors of m.
11, 17
Suppose 8*t - 3*t - 77391 = 6*n, 5*t = -3*n + 77337. What are the prime factors of t?
3, 191
Suppose 5 = 2*i + 7. Let b be 4*i + (-18)/(-6). What are the prime factors of (-38 + 1 + b)/(-2)?
19
Let q(n) = -n**3 + n**2 + 3*n + 10. Let s be (3/(-2))/(1/6). List the prime factors of q(s).
13, 61
Suppose -5*o = 4*o - 702. Suppose -y - 112 = -v + o, -188 = -v + 3*y. List the prime factors of v.
191
Let j = -515 + 536. Suppose 8494 = j*k - 16*k + 3*l, -3*l = -2*k + 3406. List the prime factors of k.
2, 5, 17
Suppose -k - 6*k + 73752 = 5*k. What are the prime factors of k?
2, 7, 439
Let g = 88 + -100. Suppose 4*c + 97 = -5*r - 0*c, 0 = -2*r - c - 40. What are the prime factors of (-100)/(-16) - (2 - r/g)?
2, 3
Let q = 16491 - 10400. What are the prime factors of q?
6091
Suppose 16*u = 13*u + 12. Suppose 0 = u*v - 4*m - 4480, -11*v = -6*v - 2*m - 5615. List the prime factors of v.
3, 5
Let a = -7 + 185. Let i = -3931 - -3868. Let c = i + a. List the prime factors of c.
5, 23
Suppose 11*o - 70536 = 7*o - 2*p, 0 = -o - 2*p + 17640. What are the prime factors of o?
2, 19, 29
Suppose 4*w - 250 = -986. Let b = -85 - w. Let f = b + -8. What are the prime factors of f?
7, 13
Let t(v) be the first derivative of -7*v**5/120 - 3*v**4/4 + 37*v**3/3 + 3. Let p(q) be the third derivative of t(q). What are the prime factors of p(-3)?
3
Suppose 5103 = -r + 8*r. Suppose -r - 1502 = -23*j. What are the prime factors of j?
97
Suppose -59*d + 45*d + 56168 = 0. List the prime factors of d.
2, 17, 59
Suppose 5*o + 25408 - 103629 = -6*o. List the prime factors of o.
13, 547
Let w(f) be the third derivative of -f**5/60 - 3*f**4/4 - f**3/3 - f**2. Suppose 0 = 18*o + 33 + 201. What are the prime factors of w(o)?
3, 7
Let u = 8184 + -8182. Suppose 15 = 5*r - 5. Suppose -u*b - 2*s + 83 = -s, b - 55 = r*s. List the prime factors of b.
43
Let v be 5 - 0*4/8. Suppose 0 = 2*z + g - 382, 2 + 18 = v*g. List the prime factors of z.
3, 7
Let p = -2290 - -3124. List the prime factors of p.
2, 3, 139
Suppose -8051 = s - 2*s - 4*l, 4*s = l + 32136. List the prime factors of s.
5, 1607
Let h(y) = 151*y + 51 - 85 + 54 - 44*y. List the prime factors of h(8).
2, 3, 73
Suppose -2*o - 1444 = -3*g, -54*g - 3*o + 463 = -53*g. Let q = g + 13. What are the prime factors of q?
491
List the prime factors of (132728/48 + 5)*3 + 7/(-14).
2, 3, 5, 277
Let u = 67066 - 13873. What are the prime factors of u?
3, 7, 17, 149
Suppose 14*x = -0*x + 18298. Let u = x + -578. What are the prime factors of u?
3
Let h(i) = 3 - 2*i - 4*i + 8*i**2 + 44 + 7*i + 0*i. List the prime factors of h(11).
2, 3, 19
Let x = -78 - -68. What are the prime factors of (84/(-15))/(13/(2275/x))?
2, 7
Suppose -470 = -33*t + 2434. Suppose -3*o + 6 = 0, -3*y + 2*o + 11 + 6 = 0. Suppose 227 = y*m - t. What are the prime factors of m?
3, 5
Let f = -2 + 9. List the prime factors of (-34*(-2)/8)/(f/42).
3, 17
Suppose 0 = -3*y - 3*k + 31545, -5*k + 8*k + 6 = 0. List the prime factors of y.
13, 809
Let i(c) = 2*c**3 - 13*c**2 + 7*c + 1. Suppose v + 3 = 8. Let g be i(v). Let a = g + 42. List the prime factors of a.
3
Let t = -299 - -426. Let q = t - -127. Suppose 111 + q = 5*w. List the prime factors of w.
73
Suppose -4974*l - 2833674 = -5097*l. What are the prime factors of l?
2, 11519
Let q(v) = 4*v**3 - 6*v**2 - v + 4. Let y(a) = a + 10. Let l(o) = -o**2 + 14*o + 8. Let r be l(15). Let w be y(r). List the prime factors of q(w).
5, 11
Suppose 4*p - 1234 = -3*s, -4*p + 8 = -2*p. Suppose 3*g - 5*g - s = 0. Let j = g - -380. List the prime factors of j.
3, 59
Suppose -4*y - x = -18674, 970*y + 23338 = 975*y + 2*x. List the prime factors of y.
2, 5, 467
Let n be 1/(((-18)/876)/(-3)). Let l(i) = -5*i**2 - 2*i + 1. Let q be l(-4). Let z = n + q. List the prime factors of z.
3, 5
Let w(v) = -250*v - 492. Let b(l) = -50*l - 98. Let s(c) = 16*b(c) - 3*w(c). What are the prime factors of s(-16)?
2, 3, 59
Suppose 0 = 4*t + 8, k + 0*t - 4*t - 3823 = 0. What are the prime factors of k?
5, 7, 109
Let p be 932/26 + (144/(-117))/(-8). Suppose p*j - 24432 - 23232 = 0. List the prime factors of j.
2, 331
Let k(p) = -4*p**3 - 14*p**2 + 3*p - 5. What are the prime factors of k(-13)?
2, 3, 1063
Let o = -2245 - -1300. List the prime factors of o/(-1) - (7 + -13).
3, 317
Let a = -358 - -262. List the prime factors of 896/(-24)*a/56.
2
What are the prime factors of (((-18)/(-30))/(6/5))/(26/2491580)?
5, 7, 37
Let o(z) be the second derivative of 35*z**3 - 29*z**2/2 - 40*z. What are the prime factors of o(3)?
601
Let x = 159 + -53. Let s(z) = -3*z - 5. Let j be s(5). Let a = x + j. What are the prime factors of a?
2, 43
Let v(f) = 481*f**2 + 266*f - 1367. What are the prime factors of v(5)?
2, 3, 37
Let c(f) = -84*f - 100. Let k(w) = 7*w + 1. Let a(q) = 2*c(q) + 12*k(q). List the prime factors of a(-8).
2, 11
Suppose 4*g + 2404 = -50*y + 54*y, 5*y - g - 2985 = 0. Let j = -565 + y. What are the prime factors of j?
31
Let k(z) = 5*z**3 + 9*z**2 - 17*z - 4. Let u = 134 - 130. List the prime factors of k(u).
2, 7
What are the prime factors of ((137748/(-18))/(-1))/((4/3)/4)?
2, 13, 883
Suppose 601 + 79 = 34*l. What are the prime factors of 0 + 1695 - (l - 21)?
2, 53
Let f = -19781 + 34181. Suppose 42*y - f = 12*y. What are the prime factors of y?
2, 3, 5
Suppose 0 = 4*i - 5*a - 45002, -8128 + 41874 = 3*i - a. List the prime factors of i.
2, 19, 37
Let o(h) be the second derivative of 77*h**3/6 - 19*h**2 + 31*h. List the prime factors of o(7).
3, 167
Suppose -17*y + 1773024 = 572654. List the prime factors of y.
2, 5, 23, 307
Suppose 0 = -g - 5*m + 29, -5*g - 4*m + 0 = -40. Suppose 2*u - 1978 = 4*z, z + 4501 - 559 = g*u. What are the prime factors of u?
5, 197
Suppose 19*g - 81996 = 214442. What are the prime factors of g?
2, 29, 269
Suppose 4*b - r = 64553, -5*b = -6*b + 5*r + 16162. What are the prime factors of b?
3, 11, 163
Let g(x) be the first derivative of 9*x**2/2 + 3*x - 8. Let d be g(8). Suppose -2*q + 115 = -d. List the prime factors of q.
5, 19
Let f(n) = 617*n**2 + 82*n + 240. What are the prime factors of f(-3)?
3, 43
Suppose 0 = -5*q + 186*j - 184*j + 56539, 5*q - 3*j = 56531. What are the prime factors of q?
11311
Suppose 9*u + 2*y - 91079 = 0, -77*u + 2*y + 40468 = -73*u. List the prime factors of u.
3, 3373
Suppose -2*m - 10*m - 13188 = 0. Let c = -254 - m. List the prime factors of c.
5, 13
List the prime factors of ((-929160)/240)/(6/(-8)).
2, 29, 89
Let k = -647 + 649. Suppose 5*o - 1099 = 4*o - 5*p, 4*o - 4432 = -k*p. What are the prime factors of o?
1109
Suppose -3*s + 110 = 7*i - 3*i, 146 = 4*i - 3*s. Suppose 3*t + 2 - 14 = 0. What are the prime factors of 8/i + 427/t?
107
Let o(x) = 189*x - 221. Suppose 84*a - 70 = 77*a. List the prime factors of o(a).
1669
Suppose 4*z - 22 = -2*q, -5*q + 2*z + 12 = -7. Suppose q*k - 1460 = -0*k. What are the prime factors of k?
2, 73
Let s(u) = 18*u**2 - 38*u + 112. List the prime factors of s(-19).
2, 3, 13, 47
Let k = 0 + 6. Suppose 5*f + 5*c = -60, 43*c - 39*c = 5*f + 96. List the prime factors of (f + (-1)/(-1))*(-106)/k.
5, 53
Let w(c) = 121*c**2 - 885*c + 27. List the prime factors of w(16).
16843
Let x(w) = w**3 - w**2 - 2*w - 75. Let l be x(0). Let t = 71 - l. List the prime factors of t.
2, 73
Let x(r) = 5 + 1 - r**3 + 5*r + 9 - 31*r**2 + 2*r**3. Suppose -52 = -2*n + 2*j - 0*j, 4*n - 129 = -j. List the prime factors of x(n).
2, 5, 17
Let p(s) = s**2 - 19*s + 29. Let g be p(14). Let r = g - -24. Let k = r - -31. What are the prime factors of k?
2, 7
Let q(c) = -17*c + 4. Let v be (7/((-84)/32))/(1/42). Let p be (v/(-20) - 4)*10/(-4). What are the prime factors of q(p)?
2, 3
Let s(c) = c**3 + 19*c**2 - 32*c - 49. Let d(p) = 2*p**2 - 10*p - 19. Let f be d(5). What are the prime factors of s(f)?
13, 43
Let z = 57 - 43. Let b = -34 + z. What are the prime factors of (-15)/(-45) + (b/6)/(-2)?
2
Let w(x) = 21*x**2 + 35*x - 246. What are the prime factors of w(7)?
2, 257
Let l = -627 + 635. What are the prime factors of -35*(1 - l) + 1?
2, 3, 41
Let r(s) = s**2 + 63*s - 504. List the prime factors of r(46).
2, 5, 11, 41
Let p(s) = -4890*s - 13601. List the prime factors of p(-10).
11, 3209
Suppose -16 = -z - 6. List the prime factors of (8/z)/(-5 - (-46662)/9330).
2, 311
Suppose 0*y + y 